{"id":3106,"date":"2026-09-01T12:17:27","date_gmt":"2026-09-01T12:17:27","guid":{"rendered":"https:\/\/metlika-turizem.si\/?post_type=dogodki&#038;p=3106"},"modified":"2026-09-01T12:21:28","modified_gmt":"2026-09-01T12:21:28","slug":"svet-v-tvojem-pogledu-3-delna-delavnica-fotografije-videa","status":"publish","type":"dogodki","link":"https:\/\/metlika-turizem.si\/en\/dogodki\/svet-v-tvojem-pogledu-3-delna-delavnica-fotografije-videa\/","title":{"rendered":"SVET V TVOJEM POGLEDU, 3-delna delavnica fotografije &amp; videa"},"content":{"rendered":"<p class=\"wp-block-paragraph\">\u010ce rad\/a fotka\u0161, snema\u0161, ustvarja\u0161 Reelse in videe ali pa te preprosto zanima, kako nastanejo res dobre vizualne vsebine \u2013 pridi zraven!\u00a0<img loading=\"lazy\" decoding=\"async\" height=\"16\" width=\"16\" src=\"https:\/\/static.xx.fbcdn.net\/images\/emoji.php\/v9\/tc8\/1\/16\/1f440.png\" alt=\"\ud83d\udc40\"><img loading=\"lazy\" decoding=\"async\" height=\"16\" width=\"16\" src=\"https:\/\/static.xx.fbcdn.net\/images\/emoji.php\/v9\/t50\/1\/16\/1f525.png\" alt=\"\ud83d\udd25\"><\/p>\n\n\n\n<p class=\"wp-block-paragraph\">Septembra pripravljamo 3-delni prakti\u010dni sklop, ki ga bosta vodila mlada ustvarjalca Anja in Nal. Brez dolgih predavanj in kompliciranja \u2013 \u010dim ve\u010d bomo fotkali, snemali, eksperimentirali in ustvarjali.&nbsp;<img loading=\"lazy\" decoding=\"async\" height=\"16\" width=\"16\" alt=\"\ud83d\udcf7\" src=\"https:\/\/static.xx.fbcdn.net\/images\/emoji.php\/v9\/t5d\/1\/16\/1f4f7.png\"><img loading=\"lazy\" decoding=\"async\" height=\"16\" width=\"16\" alt=\"\ud83c\udfa5\" src=\"https:\/\/static.xx.fbcdn.net\/images\/emoji.php\/v9\/tff\/1\/16\/1f3a5.png\"><\/p>\n\n\n\n<p class=\"wp-block-paragraph\"><img loading=\"lazy\" decoding=\"async\" height=\"16\" width=\"16\" alt=\"\ud83d\udc49\" src=\"https:\/\/static.xx.fbcdn.net\/images\/emoji.php\/v9\/t51\/1\/16\/1f449.png\">&nbsp;1. DEL | 7. september | 17.00\u201320.00<br><img loading=\"lazy\" decoding=\"async\" height=\"16\" width=\"16\" alt=\"\ud83d\udca1\" src=\"https:\/\/static.xx.fbcdn.net\/images\/emoji.php\/v9\/t3c\/1\/16\/1f4a1.png\">&nbsp;OD IDEJE DO KADRA<br>Kako narediti dobro fotko? Kako izbrati kader? Kaj naredita svetloba in perspektiva? Kako s fotografijo ali videom pove\u0161 zgodbo? Spoznali bomo osnove in se pripravili na prakti\u010dni izziv.<\/p>\n\n\n\n<p class=\"wp-block-paragraph\"><img loading=\"lazy\" decoding=\"async\" height=\"16\" width=\"16\" alt=\"\ud83d\udc49\" src=\"https:\/\/static.xx.fbcdn.net\/images\/emoji.php\/v9\/t51\/1\/16\/1f449.png\">&nbsp;2. DEL | 12. september | 9.00\u201316.00<br><img loading=\"lazy\" decoding=\"async\" height=\"16\" width=\"16\" alt=\"\ud83d\udd25\" src=\"https:\/\/static.xx.fbcdn.net\/images\/emoji.php\/v9\/t50\/1\/16\/1f525.png\">&nbsp;V AKCIJI \u2013 KOUPATLON 2026<br>Gremo na teren! Na \u0161portnem dogodku Koupatlon boste postali del foto-video ekipe in lovili akcijo, gibanje, ljudi, detajle, energijo in trenutke, ki jih je vredno ujeti.&nbsp;<img loading=\"lazy\" decoding=\"async\" height=\"16\" width=\"16\" alt=\"\ud83c\udfc3\u200d\u2640\ufe0f\" src=\"https:\/\/static.xx.fbcdn.net\/images\/emoji.php\/v9\/ta9\/1\/16\/1f3c3_200d_2640.png\"><img loading=\"lazy\" decoding=\"async\" height=\"16\" width=\"16\" alt=\"\ud83c\udfd0\" src=\"https:\/\/static.xx.fbcdn.net\/images\/emoji.php\/v9\/t57\/1\/16\/1f3d0.png\"><img loading=\"lazy\" decoding=\"async\" height=\"16\" width=\"16\" alt=\"\ud83d\udcf8\" src=\"https:\/\/static.xx.fbcdn.net\/images\/emoji.php\/v9\/tde\/1\/16\/1f4f8.png\"><img loading=\"lazy\" decoding=\"async\" height=\"16\" width=\"16\" alt=\"\ud83c\udfac\" src=\"https:\/\/static.xx.fbcdn.net\/images\/emoji.php\/v9\/t2d\/1\/16\/1f3ac.png\"><\/p>\n\n\n\n<p class=\"wp-block-paragraph\"><img loading=\"lazy\" decoding=\"async\" height=\"16\" width=\"16\" alt=\"\ud83d\udc49\" src=\"https:\/\/static.xx.fbcdn.net\/images\/emoji.php\/v9\/t51\/1\/16\/1f449.png\">&nbsp;3. DEL | 14. september | 17.00\u201320.00<br><img loading=\"lazy\" decoding=\"async\" height=\"16\" width=\"16\" alt=\"\ud83d\udcbb\" src=\"https:\/\/static.xx.fbcdn.net\/images\/emoji.php\/v9\/t8c\/1\/16\/1f4bb.png\">&nbsp;OD POSNETKA DO ZGODBE<br>Pregledamo, kaj smo ustvarili, izberemo najbolj\u0161e posnetke ter se lotimo osnov obdelave fotografij in video monta\u017ee. Iz materiala s Koupatlona bomo sestavili svojo vizualno zgodbo.&nbsp;<img loading=\"lazy\" decoding=\"async\" height=\"16\" width=\"16\" alt=\"\u2702\ufe0f\" src=\"https:\/\/static.xx.fbcdn.net\/images\/emoji.php\/v9\/tb0\/1\/16\/2702.png\"><img loading=\"lazy\" decoding=\"async\" height=\"16\" width=\"16\" alt=\"\ud83c\udf9e\ufe0f\" src=\"https:\/\/static.xx.fbcdn.net\/images\/emoji.php\/v9\/t57\/1\/16\/1f39e.png\"><\/p>\n\n\n\n<p class=\"wp-block-paragraph\">Kdo sta Anja in Nal?&nbsp;<img loading=\"lazy\" decoding=\"async\" height=\"16\" width=\"16\" alt=\"\ud83d\udc4b\" src=\"https:\/\/static.xx.fbcdn.net\/images\/emoji.php\/v9\/tfa\/1\/16\/1f44b.png\"><br><img loading=\"lazy\" decoding=\"async\" height=\"16\" width=\"16\" alt=\"\ud83d\udcf8\" src=\"https:\/\/static.xx.fbcdn.net\/images\/emoji.php\/v9\/tde\/1\/16\/1f4f8.png\">&nbsp;Anja se s fotografijo in videom ukvarja \u017ee od 13. leta, prejela je ve\u010d nagrad na fotografskih nate\u010dajih, danes pa kot re\u017eiserka s filmsko ekipo ustvarja tudi kratke filme.<br><img loading=\"lazy\" decoding=\"async\" height=\"16\" width=\"16\" alt=\"\ud83c\udfa5\" src=\"https:\/\/static.xx.fbcdn.net\/images\/emoji.php\/v9\/tff\/1\/16\/1f3a5.png\">&nbsp;Nal se aktivno ukvarja s fotografijo, zadnja leta pa ga vedno bolj vle\u010de tudi v svet filma. S filmsko ekipo sodeluje pri ustvarjanju kratkih filmov in razvija svoj na\u010din vizualnega pripovedovanja.<br>Oba sta zaklju\u010dila Srednjo medijsko \u0161olo v Novem mestu, predvsem pa \u017eelita svoje izku\u0161nje deliti z mladimi, ki jih zanimajo fotografija, video in ustvarjanje.&nbsp;<img loading=\"lazy\" decoding=\"async\" height=\"16\" width=\"16\" alt=\"\ud83d\ude4c\" src=\"https:\/\/static.xx.fbcdn.net\/images\/emoji.php\/v9\/tfd\/1\/16\/1f64c.png\"><\/p>\n\n\n\n<p class=\"wp-block-paragraph\"><img loading=\"lazy\" decoding=\"async\" height=\"16\" width=\"16\" alt=\"\u2728\" src=\"https:\/\/static.xx.fbcdn.net\/images\/emoji.php\/v9\/tf4\/1\/16\/2728.png\">&nbsp;Predhodno znanje ni potrebno.<br><img loading=\"lazy\" decoding=\"async\" height=\"16\" width=\"16\" alt=\"\ud83d\udcf1\" src=\"https:\/\/static.xx.fbcdn.net\/images\/emoji.php\/v9\/t57\/1\/16\/1f4f1.png\">&nbsp;Za za\u010detek ne potrebuje\u0161 profesionalne opreme \u2013 veliko lahko naredi\u0161 \u017ee z dobro idejo in opremo, ki jo ima\u0161.<br><img loading=\"lazy\" decoding=\"async\" height=\"16\" width=\"16\" alt=\"\ud83d\udcc5\" src=\"https:\/\/static.xx.fbcdn.net\/images\/emoji.php\/v9\/t7e\/1\/16\/1f4c5.png\">&nbsp;7., 12. in 14. september 2026<br><img loading=\"lazy\" decoding=\"async\" height=\"16\" width=\"16\" alt=\"\ud83c\udfac\" src=\"https:\/\/static.xx.fbcdn.net\/images\/emoji.php\/v9\/t2d\/1\/16\/1f3ac.png\">&nbsp;3 sre\u010danja<br><img loading=\"lazy\" decoding=\"async\" height=\"16\" width=\"16\" alt=\"\ud83d\udc65\" src=\"https:\/\/static.xx.fbcdn.net\/images\/emoji.php\/v9\/t8b\/1\/16\/1f465.png\">&nbsp;Samo 10 mest!<br>Prijave sprejemamo na: andreja.fir@zavodmetlika.si<\/p>\n\n\n\n<p class=\"wp-block-paragraph\"><img loading=\"lazy\" decoding=\"async\" height=\"16\" width=\"16\" alt=\"\ud83d\udfe2\" src=\"https:\/\/static.xx.fbcdn.net\/images\/emoji.php\/v9\/tfc\/1\/16\/1f7e2.png\">&nbsp;15\u201329 let: BREZPLA\u010cNO<br><img loading=\"lazy\" decoding=\"async\" height=\"16\" width=\"16\" alt=\"\ud83d\udd35\" src=\"https:\/\/static.xx.fbcdn.net\/images\/emoji.php\/v9\/tef\/1\/16\/1f535.png\">&nbsp;Ostali: 20 \u20ac za celoten sklop<\/p>\n\n\n\n<p class=\"wp-block-paragraph\">\u010ce te vle\u010de v svet fotografije, videa, filma ali ustvarjanja vsebin, je to tvoja prilo\u017enost, da gre\u0161 od prve ideje do dejanskega projekta.&nbsp;<img loading=\"lazy\" decoding=\"async\" height=\"16\" width=\"16\" alt=\"\ud83d\ude80\" src=\"https:\/\/static.xx.fbcdn.net\/images\/emoji.php\/v9\/tc6\/1\/16\/1f680.png\"><br><img loading=\"lazy\" decoding=\"async\" height=\"16\" width=\"16\" alt=\"\ud83d\udcf8\" src=\"https:\/\/static.xx.fbcdn.net\/images\/emoji.php\/v9\/tde\/1\/16\/1f4f8.png\">&nbsp;Svet je isti. Pogled je tvoj.<\/p>","protected":false},"featured_media":3109,"template":"","meta":{"_acf_changed":true},"categories":[],"dogodki-kategorija":[],"hf_cat_dogodki":[],"class_list":["post-3106","dogodki","type-dogodki","status-publish","has-post-thumbnail","hentry"],"acf":[],"_links":{"self":[{"href":"https:\/\/metlika-turizem.si\/en\/wp-json\/wp\/v2\/dogodki\/3106","targetHints":{"allow":["GET"]}}],"collection":[{"href":"https:\/\/metlika-turizem.si\/en\/wp-json\/wp\/v2\/dogodki"}],"about":[{"href":"https:\/\/metlika-turizem.si\/en\/wp-json\/wp\/v2\/types\/dogodki"}],"wp:featuredmedia":[{"embeddable":true,"href":"https:\/\/metlika-turizem.si\/en\/wp-json\/wp\/v2\/media\/3109"}],"wp:attachment":[{"href":"https:\/\/metlika-turizem.si\/en\/wp-json\/wp\/v2\/media?parent=3106"}],"wp:term":[{"taxonomy":"category","embeddable":true,"href":"https:\/\/metlika-turizem.si\/en\/wp-json\/wp\/v2\/categories?post=3106"},{"taxonomy":"dogodki-kategorija","embeddable":true,"href":"https:\/\/metlika-turizem.si\/en\/wp-json\/wp\/v2\/dogodki-kategorija?post=3106"},{"taxonomy":"hf_cat_dogodki","embeddable":true,"href":"https:\/\/metlika-turizem.si\/en\/wp-json\/wp\/v2\/hf_cat_dogodki?post=3106"}],"curies":[{"name":"wp","href":"https:\/\/api.w.org\/{rel}","templated":true}]}}

<p class="wp-block-paragraph">Če rad/a fotkaš, snemaš, ustvarjaš Reelse in videe ali pa te preprosto zanima, kako nastanejo res dobre vizualne vsebine – pridi zraven! <img loading="lazy" decoding="async" height="16" width="16" src="https://static.xx.fbcdn.net/images/emoji.php/v9/tc8/1/16/1f440.png" alt="👀"><img loading="lazy" decoding="async" height="16" width="16" src="https://static.xx.fbcdn.net/images/emoji.php/v9/t50/1/16/1f525.png" alt="🔥"></p>



<p class="wp-block-paragraph">Septembra pripravljamo 3-delni praktični sklop, ki ga bosta vodila mlada ustvarjalca Anja in Nal. Brez dolgih predavanj in kompliciranja – čim več bomo fotkali, snemali, eksperimentirali in ustvarjali.&nbsp;<img loading="lazy" decoding="async" height="16" width="16" alt="📷" src="https://static.xx.fbcdn.net/images/emoji.php/v9/t5d/1/16/1f4f7.png"><img loading="lazy" decoding="async" height="16" width="16" alt="🎥" src="https://static.xx.fbcdn.net/images/emoji.php/v9/tff/1/16/1f3a5.png"></p>



<p class="wp-block-paragraph"><img loading="lazy" decoding="async" height="16" width="16" alt="👉" src="https://static.xx.fbcdn.net/images/emoji.php/v9/t51/1/16/1f449.png">&nbsp;1. DEL | 7. september | 17.00–20.00<br><img loading="lazy" decoding="async" height="16" width="16" alt="💡" src="https://static.xx.fbcdn.net/images/emoji.php/v9/t3c/1/16/1f4a1.png">&nbsp;OD IDEJE DO KADRA<br>Kako narediti dobro fotko? Kako izbrati kader? Kaj naredita svetloba in perspektiva? Kako s fotografijo ali videom poveš zgodbo? Spoznali bomo osnove in se pripravili na praktični izziv.</p>



<p class="wp-block-paragraph"><img loading="lazy" decoding="async" height="16" width="16" alt="👉" src="https://static.xx.fbcdn.net/images/emoji.php/v9/t51/1/16/1f449.png">&nbsp;2. DEL | 12. september | 9.00–16.00<br><img loading="lazy" decoding="async" height="16" width="16" alt="🔥" src="https://static.xx.fbcdn.net/images/emoji.php/v9/t50/1/16/1f525.png">&nbsp;V AKCIJI – KOUPATLON 2026<br>Gremo na teren! Na športnem dogodku Koupatlon boste postali del foto-video ekipe in lovili akcijo, gibanje, ljudi, detajle, energijo in trenutke, ki jih je vredno ujeti.&nbsp;<img loading="lazy" decoding="async" height="16" width="16" alt="🏃‍♀️" src="https://static.xx.fbcdn.net/images/emoji.php/v9/ta9/1/16/1f3c3_200d_2640.png"><img loading="lazy" decoding="async" height="16" width="16" alt="🏐" src="https://static.xx.fbcdn.net/images/emoji.php/v9/t57/1/16/1f3d0.png"><img loading="lazy" decoding="async" height="16" width="16" alt="📸" src="https://static.xx.fbcdn.net/images/emoji.php/v9/tde/1/16/1f4f8.png"><img loading="lazy" decoding="async" height="16" width="16" alt="🎬" src="https://static.xx.fbcdn.net/images/emoji.php/v9/t2d/1/16/1f3ac.png"></p>



<p class="wp-block-paragraph"><img loading="lazy" decoding="async" height="16" width="16" alt="👉" src="https://static.xx.fbcdn.net/images/emoji.php/v9/t51/1/16/1f449.png">&nbsp;3. DEL | 14. september | 17.00–20.00<br><img loading="lazy" decoding="async" height="16" width="16" alt="💻" src="https://static.xx.fbcdn.net/images/emoji.php/v9/t8c/1/16/1f4bb.png">&nbsp;OD POSNETKA DO ZGODBE<br>Pregledamo, kaj smo ustvarili, izberemo najboljše posnetke ter se lotimo osnov obdelave fotografij in video montaže. Iz materiala s Koupatlona bomo sestavili svojo vizualno zgodbo.&nbsp;<img loading="lazy" decoding="async" height="16" width="16" alt="✂️" src="https://static.xx.fbcdn.net/images/emoji.php/v9/tb0/1/16/2702.png"><img loading="lazy" decoding="async" height="16" width="16" alt="🎞️" src="https://static.xx.fbcdn.net/images/emoji.php/v9/t57/1/16/1f39e.png"></p>



<p class="wp-block-paragraph">Kdo sta Anja in Nal?&nbsp;<img loading="lazy" decoding="async" height="16" width="16" alt="👋" src="https://static.xx.fbcdn.net/images/emoji.php/v9/tfa/1/16/1f44b.png"><br><img loading="lazy" decoding="async" height="16" width="16" alt="📸" src="https://static.xx.fbcdn.net/images/emoji.php/v9/tde/1/16/1f4f8.png">&nbsp;Anja se s fotografijo in videom ukvarja že od 13. leta, prejela je več nagrad na fotografskih natečajih, danes pa kot režiserka s filmsko ekipo ustvarja tudi kratke filme.<br><img loading="lazy" decoding="async" height="16" width="16" alt="🎥" src="https://static.xx.fbcdn.net/images/emoji.php/v9/tff/1/16/1f3a5.png">&nbsp;Nal se aktivno ukvarja s fotografijo, zadnja leta pa ga vedno bolj vleče tudi v svet filma. S filmsko ekipo sodeluje pri ustvarjanju kratkih filmov in razvija svoj način vizualnega pripovedovanja.<br>Oba sta zaključila Srednjo medijsko šolo v Novem mestu, predvsem pa želita svoje izkušnje deliti z mladimi, ki jih zanimajo fotografija, video in ustvarjanje.&nbsp;<img loading="lazy" decoding="async" height="16" width="16" alt="🙌" src="https://static.xx.fbcdn.net/images/emoji.php/v9/tfd/1/16/1f64c.png"></p>



<p class="wp-block-paragraph"><img loading="lazy" decoding="async" height="16" width="16" alt="✨" src="https://static.xx.fbcdn.net/images/emoji.php/v9/tf4/1/16/2728.png">&nbsp;Predhodno znanje ni potrebno.<br><img loading="lazy" decoding="async" height="16" width="16" alt="📱" src="https://static.xx.fbcdn.net/images/emoji.php/v9/t57/1/16/1f4f1.png">&nbsp;Za začetek ne potrebuješ profesionalne opreme – veliko lahko narediš že z dobro idejo in opremo, ki jo imaš.<br><img loading="lazy" decoding="async" height="16" width="16" alt="📅" src="https://static.xx.fbcdn.net/images/emoji.php/v9/t7e/1/16/1f4c5.png">&nbsp;7., 12. in 14. september 2026<br><img loading="lazy" decoding="async" height="16" width="16" alt="🎬" src="https://static.xx.fbcdn.net/images/emoji.php/v9/t2d/1/16/1f3ac.png">&nbsp;3 srečanja<br><img loading="lazy" decoding="async" height="16" width="16" alt="👥" src="https://static.xx.fbcdn.net/images/emoji.php/v9/t8b/1/16/1f465.png">&nbsp;Samo 10 mest!<br>Prijave sprejemamo na: andreja.fir@zavodmetlika.si</p>



<p class="wp-block-paragraph"><img loading="lazy" decoding="async" height="16" width="16" alt="🟢" src="https://static.xx.fbcdn.net/images/emoji.php/v9/tfc/1/16/1f7e2.png">&nbsp;15–29 let: BREZPLAČNO<br><img loading="lazy" decoding="async" height="16" width="16" alt="🔵" src="https://static.xx.fbcdn.net/images/emoji.php/v9/tef/1/16/1f535.png">&nbsp;Ostali: 20 € za celoten sklop</p>



<p class="wp-block-paragraph">Če te vleče v svet fotografije, videa, filma ali ustvarjanja vsebin, je to tvoja priložnost, da greš od prve ideje do dejanskega projekta.&nbsp;<img loading="lazy" decoding="async" height="16" width="16" alt="🚀" src="https://static.xx.fbcdn.net/images/emoji.php/v9/tc6/1/16/1f680.png"><br><img loading="lazy" decoding="async" height="16" width="16" alt="📸" src="https://static.xx.fbcdn.net/images/emoji.php/v9/tde/1/16/1f4f8.png">&nbsp;Svet je isti. Pogled je tvoj.</p>
