{"id":2903,"date":"2026-04-28T12:45:20","date_gmt":"2026-04-28T12:45:20","guid":{"rendered":"https:\/\/metlika-turizem.si\/?post_type=dogodki&#038;p=2903"},"modified":"2026-04-28T12:45:21","modified_gmt":"2026-04-28T12:45:21","slug":"koncert-mlade-zasedbe-tremor","status":"publish","type":"dogodki","link":"https:\/\/metlika-turizem.si\/en\/dogodki\/koncert-mlade-zasedbe-tremor\/","title":{"rendered":"Koncert mlade zasedbe Tremor"},"content":{"rendered":"<p>V sklopu EU projekta \u0160ola za \u017eivljenje vas vabimo na poseben koncert mlade zasedbe Tremor, ki jo podpiramo \u017ee od njihovih za\u010detkov.&nbsp;<img loading=\"lazy\" decoding=\"async\" height=\"16\" width=\"16\" alt=\"\ud83d\udca5\" src=\"https:\/\/static.xx.fbcdn.net\/images\/emoji.php\/v9\/t40\/1\/16\/1f4a5.png\"><\/p>\n\n\n\n<p>Pred koncertom bomo pripravili tudi okroglo mizo na temo aktivnega dr\u017eavljanstva.<\/p>\n\n\n\n<p>Ta ve\u010der ni le koncert \u2013 je dokaz, kako pomembno je mladim omogo\u010diti prostor za ustvarjanje tudi izven formalnih institucij, kot so glasbene \u0161ole.&nbsp;<img loading=\"lazy\" decoding=\"async\" height=\"16\" width=\"16\" alt=\"\ud83c\udfb8\" src=\"https:\/\/static.xx.fbcdn.net\/images\/emoji.php\/v9\/t21\/1\/16\/1f3b8.png\"><img loading=\"lazy\" decoding=\"async\" height=\"16\" width=\"16\" alt=\"\ud83e\udd41\" src=\"https:\/\/static.xx.fbcdn.net\/images\/emoji.php\/v9\/t8e\/1\/16\/1f941.png\"><br>Na koncertu bo potekalo tudi snemanje videospota za pesem iz novega albuma!<br>V MC-ju verjamemo v mo\u010d neformalnega udejstvovanja, kjer lahko mladi razvijajo svoj talent, eksperimentirajo in najdejo svoj glas.<\/p>\n\n\n\n<p><img loading=\"lazy\" decoding=\"async\" height=\"16\" width=\"16\" alt=\"\ud83d\ude80\" src=\"https:\/\/static.xx.fbcdn.net\/images\/emoji.php\/v9\/tc6\/1\/16\/1f680.png\">&nbsp;In to je \u0161ele za\u010detek!<br>V okviru na\u0161ega naslednjega ve\u010djega projekta bomo mladinski center dodatno opremili z in\u0161trumenti, ki bodo na voljo vsem mladim ustvarjalcem. Cilj? \u0160e ve\u010d glasbe, \u0161e ve\u010d prilo\u017enosti, \u0161e ve\u010d skupnosti.&nbsp;<img loading=\"lazy\" decoding=\"async\" height=\"16\" width=\"16\" alt=\"\ud83d\udca1\" src=\"https:\/\/static.xx.fbcdn.net\/images\/emoji.php\/v9\/t3c\/1\/16\/1f4a1.png\"><\/p>\n\n\n\n<p><img loading=\"lazy\" decoding=\"async\" height=\"16\" width=\"16\" alt=\"\ud83d\udcc5\" src=\"https:\/\/static.xx.fbcdn.net\/images\/emoji.php\/v9\/t7e\/1\/16\/1f4c5.png\">&nbsp;Petek, 8. maj<br><img loading=\"lazy\" decoding=\"async\" height=\"16\" width=\"16\" alt=\"\ud83d\udd57\" src=\"https:\/\/static.xx.fbcdn.net\/images\/emoji.php\/v9\/t2f\/1\/16\/1f557.png\">&nbsp;ob 20.00<br><img loading=\"lazy\" decoding=\"async\" height=\"16\" width=\"16\" alt=\"\ud83d\udccd\" src=\"https:\/\/static.xx.fbcdn.net\/images\/emoji.php\/v9\/t2d\/1\/16\/1f4cd.png\">&nbsp;MC<\/p>\n\n\n\n<p>Pridi, podpri mlade glasbenike in za\u010duti energijo, ki nastaja, ko mladim damo prilo\u017enost.&nbsp;<img loading=\"lazy\" decoding=\"async\" height=\"16\" width=\"16\" alt=\"\ud83d\udd25\" src=\"https:\/\/static.xx.fbcdn.net\/images\/emoji.php\/v9\/t50\/1\/16\/1f525.png\"><\/p>","protected":false},"featured_media":2904,"template":"","meta":{"_acf_changed":true},"categories":[],"dogodki-kategorija":[],"hf_cat_dogodki":[],"class_list":["post-2903","dogodki","type-dogodki","status-publish","has-post-thumbnail","hentry"],"acf":[],"_links":{"self":[{"href":"https:\/\/metlika-turizem.si\/en\/wp-json\/wp\/v2\/dogodki\/2903","targetHints":{"allow":["GET"]}}],"collection":[{"href":"https:\/\/metlika-turizem.si\/en\/wp-json\/wp\/v2\/dogodki"}],"about":[{"href":"https:\/\/metlika-turizem.si\/en\/wp-json\/wp\/v2\/types\/dogodki"}],"wp:featuredmedia":[{"embeddable":true,"href":"https:\/\/metlika-turizem.si\/en\/wp-json\/wp\/v2\/media\/2904"}],"wp:attachment":[{"href":"https:\/\/metlika-turizem.si\/en\/wp-json\/wp\/v2\/media?parent=2903"}],"wp:term":[{"taxonomy":"category","embeddable":true,"href":"https:\/\/metlika-turizem.si\/en\/wp-json\/wp\/v2\/categories?post=2903"},{"taxonomy":"dogodki-kategorija","embeddable":true,"href":"https:\/\/metlika-turizem.si\/en\/wp-json\/wp\/v2\/dogodki-kategorija?post=2903"},{"taxonomy":"hf_cat_dogodki","embeddable":true,"href":"https:\/\/metlika-turizem.si\/en\/wp-json\/wp\/v2\/hf_cat_dogodki?post=2903"}],"curies":[{"name":"wp","href":"https:\/\/api.w.org\/{rel}","templated":true}]}}

<p>V sklopu EU projekta Šola za življenje vas vabimo na poseben koncert mlade zasedbe Tremor, ki jo podpiramo že od njihovih začetkov.&nbsp;<img loading="lazy" decoding="async" height="16" width="16" alt="💥" src="https://static.xx.fbcdn.net/images/emoji.php/v9/t40/1/16/1f4a5.png"></p>



<p>Pred koncertom bomo pripravili tudi okroglo mizo na temo aktivnega državljanstva.</p>



<p>Ta večer ni le koncert – je dokaz, kako pomembno je mladim omogočiti prostor za ustvarjanje tudi izven formalnih institucij, kot so glasbene šole.&nbsp;<img loading="lazy" decoding="async" height="16" width="16" alt="🎸" src="https://static.xx.fbcdn.net/images/emoji.php/v9/t21/1/16/1f3b8.png"><img loading="lazy" decoding="async" height="16" width="16" alt="🥁" src="https://static.xx.fbcdn.net/images/emoji.php/v9/t8e/1/16/1f941.png"><br>Na koncertu bo potekalo tudi snemanje videospota za pesem iz novega albuma!<br>V MC-ju verjamemo v moč neformalnega udejstvovanja, kjer lahko mladi razvijajo svoj talent, eksperimentirajo in najdejo svoj glas.</p>



<p><img loading="lazy" decoding="async" height="16" width="16" alt="🚀" src="https://static.xx.fbcdn.net/images/emoji.php/v9/tc6/1/16/1f680.png">&nbsp;In to je šele začetek!<br>V okviru našega naslednjega večjega projekta bomo mladinski center dodatno opremili z inštrumenti, ki bodo na voljo vsem mladim ustvarjalcem. Cilj? Še več glasbe, še več priložnosti, še več skupnosti.&nbsp;<img loading="lazy" decoding="async" height="16" width="16" alt="💡" src="https://static.xx.fbcdn.net/images/emoji.php/v9/t3c/1/16/1f4a1.png"></p>



<p><img loading="lazy" decoding="async" height="16" width="16" alt="📅" src="https://static.xx.fbcdn.net/images/emoji.php/v9/t7e/1/16/1f4c5.png">&nbsp;Petek, 8. maj<br><img loading="lazy" decoding="async" height="16" width="16" alt="🕗" src="https://static.xx.fbcdn.net/images/emoji.php/v9/t2f/1/16/1f557.png">&nbsp;ob 20.00<br><img loading="lazy" decoding="async" height="16" width="16" alt="📍" src="https://static.xx.fbcdn.net/images/emoji.php/v9/t2d/1/16/1f4cd.png">&nbsp;MC</p>



<p>Pridi, podpri mlade glasbenike in začuti energijo, ki nastaja, ko mladim damo priložnost.&nbsp;<img loading="lazy" decoding="async" height="16" width="16" alt="🔥" src="https://static.xx.fbcdn.net/images/emoji.php/v9/t50/1/16/1f525.png"></p>
